 + 0*p**3 - p**3 - 6*p**2 - 6. Let n(k) = -k. Let u be n(9). Let v be c(u). What is the highest common factor of v and 27?
3
Let u = 4 + -8. Let v be 9/u*(-72)/27. Calculate the highest common factor of v and 42.
6
Let y(t) = -t + 6. Let w be y(0). Suppose -41 = -5*q + 2*s, -2*q + 6*s + 14 = 4*s. What is the greatest common divisor of w and q?
3
Let z = -66 - -67. Calculate the highest common divisor of z and 7.
1
Suppose 10*r = 12*r - 10. What is the greatest common factor of r and 1?
1
Let y(w) = -w**2 - 6*w + 3. Let q be y(0). What is the greatest common divisor of q and 21?
3
Let v(t) = -26*t - 4. Let h be v(-2). Calculate the greatest common divisor of h and 72.
24
Let f(m) = -m**3 - 3*m**2 - 3*m - 11. Let b be f(-4). Calculate the highest common factor of 34 and b.
17
Suppose -5*x - 2*h + 228 = 0, -4*x + 192 = -0*x + 4*h. Calculate the greatest common divisor of 66 and x.
22
Let m(l) = 9*l - 11. Let y be m(7). Suppose 2*r = -3*x + 51, 2*r - y = -4*x - 0*x. What is the greatest common divisor of 12 and r?
12
Let w(h) = -3 + 14 + h + 8. Let t be w(-9). Calculate the highest common divisor of 10 and t.
10
Let j be ((1 - 6) + 10)/(3/105). What is the greatest common divisor of j and 7?
7
Suppose 5*a = 3*b + 210, -5*a + 0*b + 4*b = -210. What is the greatest common factor of 105 and a?
21
Let s = 16 + 24. Suppose -2*t - 5*v + 195 = 0, 4*t + 3*v + 0*v = 397. Calculate the greatest common divisor of t and s.
20
Suppose -g + 49 = 2*x - 17, 3*x = 4*g - 286. Suppose -4*o - 5*a + 55 = 0, -5*a + 6 = -4*o + 31. Calculate the highest common factor of g and o.
10
Let r(x) = -44*x**2 - x + 1. Let i be r(1). Let b = i - -27. Let m = 28 + b. What is the greatest common divisor of m and 88?
11
Let l = -29 - -43. What is the highest common factor of 2 and l?
2
Let p = -12 - 4. Let x be (-3)/(-2)*p/(-12). Suppose 68 = x*l + 26. What is the highest common factor of l and 84?
21
Let a(n) be the third derivative of -3*n**4/8 - n**3 + 2*n**2. Let z be a(-4). Let h = -7 + 27. Calculate the greatest common factor of z and h.
10
Suppose -4*b - 2*x = -7*b + 17, 2*x = 5*b - 23. Let q = -2 + b. What is the greatest common divisor of 8 and q?
1
Suppose 0 = -5*l + 25. Suppose -3*j = 3, l*j + 3 = 2*m + 20. Let i = m + 23. What is the greatest common divisor of i and 84?
12
Suppose 55 = 2*l - 15. Calculate the greatest common divisor of l and 35.
35
Suppose 0 = 3*r + 11 - 26. Suppose -m = -6*m + 5*g + 115, 0 = -r*g. Suppose q = -2 - 0, -c + 4*q = -m. Calculate the highest common factor of c and 30.
15
Let s = 1 + 3. Suppose -4*o = -s*c - 72, -5*c - 8 = -3*c. What is the greatest common factor of 14 and o?
14
Let q(l) = -l**3 + 39. Let f be q(0). Let b be -2 - (3 - (-2 - -20)). Calculate the greatest common divisor of f and b.
13
Let i = -57 + 66. Calculate the highest common factor of i and 153.
9
Let b be ((-732)/(-45))/2 + 10/(-75). Let n = 5 + 27. Calculate the greatest common factor of n and b.
8
Let o(m) = m**2 - 20*m + 3. Let g be o(20). What is the greatest common divisor of 3 and g?
3
Suppose -4*i + 0*i = 0. Suppose i*q = -2*q + 64. Suppose -3*r = 4*y - 46, 0 = -5*r + 3*r - 4*y + q. What is the greatest common factor of r and 70?
14
Let t = -254 - -267. Let j = 276 - 185. What is the highest common divisor of j and t?
13
Suppose -2*s - 2*t = t - 25, 3*s - 15 = 3*t. Let b = -18 - -11. Let n = 1 - b. What is the greatest common divisor of n and s?
8
Let k be (-45)/3 + 0 + -1. Let g = k - -86. Let v = 16 + -2. Calculate the greatest common factor of g and v.
14
Let m = 38 - -13. Calculate the greatest common factor of m and 34.
17
Suppose -2*v - 3*v + 49 = -4*y, 28 = 3*v - y. Calculate the highest common factor of v and 2.
1
Let l be 1*8*(-10)/(-8). Suppose 11 + 19 = 2*x. Calculate the highest common divisor of l and x.
5
Let x = 169 - 163. What is the highest common factor of x and 21?
3
Let o be -2*((-351)/6)/9. Calculate the greatest common factor of o and 39.
13
Suppose 2 - 46 = a. Let r be (-4)/6 + a/(-3). Calculate the highest common factor of 154 and r.
14
Suppose -o + 6 = t, -3*t + 16 = -t + 4*o. Suppose 0 = -2*r - 3*r + 160. What is the greatest common divisor of r and t?
4
Suppose -12*l = -14*l + 338. Calculate the highest common factor of l and 13.
13
Suppose 150 = -3*t + 5*t. Let n(y) = 6*y**2 + 24*y. Let k be n(-5). What is the highest common divisor of t and k?
15
Suppose t - 6*t = 395. Let c be (7 + -6)/(2/130). Let n = c - t. Calculate the highest common factor of n and 16.
16
Suppose -4*i = -150 + 18. What is the highest common factor of i and 11?
11
Suppose -o = -2*w - 0*w - 25, 0 = -o - 2*w + 37. What is the highest common factor of 217 and o?
31
Let v = -9 - -8. Let y be ((-150)/(-40))/(v/(-4)). Calculate the greatest common factor of 5 and y.
5
Let b(z) = z**2 - 8*z + 9. Let x be b(7). Suppose -2*c + x - 20 = 4*g, 5*g - 10 = 4*c. Let r = g + 7. Calculate the greatest common divisor of r and 5.
5
Let x(y) = -y**3 - 5*y**2 + 5*y - 7. Let q be x(-6). Let g be (q + -4)*12/(-5). Let w = g - 7. Calculate the highest common factor of 5 and w.
5
Let m(d) = -230*d - 5. Let p be m(-1). What is the greatest common factor of 90 and p?
45
Let q be (-1)/(6/((-540)/5)). Calculate the highest common divisor of 126 and q.
18
Suppose 0 = 5*f - 17 + 2. Let k be (0 - (-9)/(-6))/((-1)/18). What is the greatest common factor of k and f?
3
Let c = 42 - 9. Let x = -5 + c. What is the greatest common factor of x and 7?
7
Suppose 0*d - 2*d + 136 = 3*o, -292 = -4*d - o. Calculate the greatest common divisor of 185 and d.
37
Let g(s) = 27*s - 1. Let d be g(-1). Let p be (10/(-2))/(2/d). Let y = 31 - 3. What is the greatest common factor of p and y?
14
Let o(z) = 3*z - 3. Let w be o(6). What is the greatest common divisor of w and 6?
3
Let w(t) = -t**3 + 9*t**2 + 8*t - 7. Suppose 39 = 4*f - 3*k, k + 50 = 5*f - 4*k. Let d be w(f). What is the highest common factor of d and 13?
13
Suppose -3*y + 2 = -4. Let t(r) = -r**3 + 5*r**2 + 6*r + 2. Let v be t(6). Suppose 4*s - 6 = v. Calculate the greatest common divisor of s and y.
2
Suppose -2*z - 15*z = -323. Calculate the highest common divisor of 95 and z.
19
Let a = 1 - -6. Let o = a - 5. Suppose -o*t = -0*t - 36. Calculate the highest common divisor of t and 162.
18
Let t be (1 - -13)/((55/10)/11). What is the highest common divisor of t and 28?
28
Let a(y) = -y**2 + 3*y - 1. Let n be a(2). Suppose z - 33 = -5*g, -g - 4*g = -3*z - n. Calculate the greatest common factor of 24 and z.
8
Let b = 5 + 4. Suppose -5*i - 17 = r, 0*r + 2*r - 2 = -i. Suppose 3 = -j, -10 - 5 = -2*a + r*j. What is the highest common divisor of a and b?
3
Let t(d) = -3*d. Let i(m) = -m**3 + 3*m**2 - 2. Let y be i(2). Suppose 0 = 4*x - y*x + 10. Let a be t(x). Calculate the highest common divisor of a and 6.
3
Suppose 2*v + 3*y = 1, 3*v + 7*y + 1 = 2*y. Let c be (-1)/(0 + -1)*40. Calculate the greatest common divisor of c and v.
8
Suppose -k + 5 = -5*f - 16, 4*f + 84 = 5*k. What is the highest common factor of k and 64?
16
Suppose 0 = 9*b - 3 - 15. What is the highest common factor of 7 and b?
1
Suppose 0 = -a - 29 + 9. Let m = a + 25. What is the highest common factor of 35 and m?
5
Let c = -11 + 16. Suppose 35 + 70 = c*s. Calculate the greatest common factor of s and 3.
3
Let v(g) = g**3 + 3*g**2 - 2*g - 3. Let p be 29/(-9) - 4/(-18). Let c be v(p). Suppose -2 - 4 = -c*u. Calculate the highest common divisor of u and 2.
2
Suppose -84 - 6 = -3*v. Let h(s) = s**3 - 3*s**2 - 6*s. Let c(k) = -k**2 + 7*k - 5. Let j be c(5). Let i be h(j). What is the greatest common factor of i and v?
10
Suppose 131 = 4*f - 4*d - 113, 0 = -2*f + 3*d + 119. Let z be (110/(-8))/((-4)/f). What is the greatest common factor of z and 20?
20
Suppose u + 9 = 5*c + 103, -62 = 3*c - 2*u. Let w = -3 - c. Calculate the greatest common factor of w and 30.
15
Let q be 33*(1 - (-2 - -2)). Let j(r) = -r + 11. Let u be j(12). Let o be -55*u*6/15. What is the greatest common factor of q and o?
11
Let m = 47 - 38. Let g(h) = -h**3 + 6*h**2 + 4*h - 6. Let i be g(6). What is the highest common factor of i and m?
9
Suppose 3*s - 76 = -0*s - 4*p, -4*p = -s + 4. Calculate the greatest common factor of 8 and s.
4
Suppose -h - h + 84 = 0. What is the highest common factor of h and 28?
14
Let m = 1